1707?
211685
In base 9, what is -157252310 + 3?
-157252306
In base 9, what is -1820 - -11842?
10022
In base 3, what is 100012121 + 2021212?
102111110
In base 10, what is -512 + -106809?
-107321
In base 4, what is 10 + -3200221001212?
-3200221001202
In base 11, what is 48aa + 31384?
36183
In base 6, what is 1153444420 + 3?
1153444423
In base 11, what is 6a806 - 2?
6a804
In base 9, what is -303407152 - -4?
-303407147
In base 4, what is 110222 - 12302313?
-12132031
In base 4, what is -3121103322120 - -11?
-3121103322103
In base 11, what is 2 + 5459814?
5459816
In base 4, what is 12322022 + 11331?
13000013
In base 3, what is -22 + 1122012100100?
1122012100001
In base 16, what is 9d04 - -59f0?
f6f4
In base 5, what is 1024401 + -1440?
1022411
In base 16, what is 2 + 7bdc1f?
7bdc21
In base 10, what is -450 + 86740?
86290
In base 10, what is 22545365 - 5?
22545360
In base 7, what is 124435423 + 1?
124435424
In base 16, what is -5 - 1d2d5e?
-1d2d63
In base 7, what is -31 + -13112041?
-13112102
In base 15, what is 40dc - 1ec?
3de0
In base 7, what is 3513241 - -5?
3513246
In base 16, what is 30bb - 3f7?
2cc4
In base 3, what is -10021200 + 12011101200?
12001010000
In base 13, what is -2c80 - -2664c?
2369c
In base 13, what is a - -256b334?
256b341
In base 15, what is -5 + 3560941?
356093b
In base 9, what is 2211412 + -147?
2211254
In base 11, what is -5 + 3022049?
3022044
In base 12, what is 50295 - -9b3?
51088
In base 2, what is 10000010011110110111110011 - -10?
10000010011110110111110101
In base 6, what is 0 + -3105002551?
-3105002551
In base 16, what is -5e - -f6ff?
f6a1
In base 9, what is -1150 + 5058?
3808
In base 11, what is 10 - 516603?
-5165a3
In base 11, what is 7 + -3449a89?
-3449a82
In base 14, what is -9b77b + -9d?
-9b83a
In base 13, what is 43ab - -8621?
c9cc
In base 16, what is -177 + -30925?
-30a9c
In base 5, what is -42443 - 111010?
-204003
In base 3, what is -102010201201 + -101?
-102010202002
In base 2, what is 1011011111110110110100 + 100?
1011011111110110111000
In base 9, what is -28 + -1165887?
-1166026
In base 3, what is 212102 + 20211001020?
20211220122
In base 7, what is 654 + 2120?
3104
In base 15, what is 27940a0 + -2?
279409d
In base 16, what is -8706c - -7?
-87065
In base 4, what is 220022012002 - 231?
220022011111
In base 3, what is -10 + -20120012201120?
-20120012201200
In base 6, what is 13353 + -234?
13115
In base 6, what is -34550 - 1013?
-40003
In base 3, what is 10111100010211 + -1211?
10111100002000
In base 14, what is 5 + -6c1c49?
-6c1c44
In base 15, what is 16aa9c + -5?
16aa97
In base 11, what is -121a + -2a7aa?
-30a19
In base 16, what is -21d5 + 226?
-1faf
In base 5, what is 43 - 110332134?
-110332041
In base 8, what is -10636547 + -20?
-10636567
In base 2, what is 1010011101011011100 - -1011110?
1010011101100111010
In base 6, what is -2342514044 - 5?
-2342514053
In base 8, what is 3231 - -154343?
157574
In base 6, what is 222221 - -31?
222252
In base 15, what is -5 + 868a362?
868a35c
In base 9, what is -1368364 - 66?
-1368441
In base 11, what is 5 - -586aa53?
586aa58
In base 2, what is 10000010011000001011 + -101101?
10000010010111011110
In base 3, what is 101212120 + -10220201120?
-10111212000
In base 11, what is 3 + -1767472a?
-17674727
In base 15, what is -1bc2 + -38?
-1c0a
In base 10, what is 2 + -81342566?
-81342564
In base 4, what is -10 - 1232220231012?
-1232220231022
In base 7, what is -11612 - 45110?
-60022
In base 16, what is -1982 + 200?
-1782
In base 3, what is 10 + -22121021220222?
-22121021220212
In base 2, what is -1001011100111 - -1010010000110110?
1001000101001111
In base 8, what is 66147 - -11?
66160
In base 7, what is 3 - -34562325?
34562331
In base 5, what is -101230244110 - -1?
-101230244104
In base 9, what is -3 - 20581158?
-20581162
In base 15, what is -e706b6 - -1?
-e706b5
In base 4, what is 11113312320221 + 10?
11113312320231
In base 4, what is -10300002032 + 310?
-10300001122
In base 6, what is 431 - -10432433?
10433304
In base 7, what is 6544212 - 454?
6543425
In base 15, what is -9cd + -1d00?
-27cd
In base 7, what is 22065 + -3225?
15540
In base 9, what is 11 + 34677?
34688
In base 14, what is -13d1d3 + -8a?
-13d27d
In base 5, what is 4020142132 - 13?
4020142114
In base 5, what is 2340 + 20031133?
20034023
In base 11, what is 182 - 1342799?
-1342617
In base 15, what is -5236372b - 1?
-5236372c
In base 8, what is 2 + -112166275?
-112166273
In base 11, what is 5475 + -43a9?
1077
In base 5, what is -1 - -404342034421?
404342034420
In base 3, what is 22122210 - -2110212?
102010122
In base 6, what is 0 + 1004253210?
1004253210
In base 14, what is -64a - 49c?
-b08
In base 9, what is 3357 - -4717?
8175
In base 5, what is 2130421 + -221?
2130200
In base 3, what is -11 + -1020022102100111?
-1020022102100122
In base 15, what is -1abe3 - -65?
-1ab7d
In base 5, what is 4 + 32341240413?
32341240422
In base 16, what is -18a2d9 - -a?
-18a2cf
In base 4, what is -102 - -200131323?
200131221
In base 16, what is -729bb5 + -a?
-729bbf
In base 13, what is -29 + 309b75?
309b49
In base 11, what is 62269a1a2 - 5?
62269a198
In base 11, what is 5 - 822591?
-822587
In base 5, what is 0 - 242410333313?
-242410333313
In base 14, what is -2d - -bbbb3?
bbb84
In base 16, what is -6 + 56b92?
56b8c
In base 5, what is 10 + -13103432110?
-13103432100
In base 16, what is -1913b3 - 18?
-1913cb
In base 11, what is 161 - -13055a?
130710
In base 6, what is 40142 + 1400112?
1440254
In base 16, what is -1eb - -7a?
-171
In base 8, what is -5013331707 + -4?
-5013331713
In base 16, what is 54477 - -2?
54479
In base 9, what is -226620 + 31?
-226578
In base 7, what is -131022506 - -5?
-131022501
In base 8, what is -1064 - 41127?
-42213
In base 16, what is -563 - -870d?
81aa
In base 7, what is 151023406 + -1?
151023405
In base 5, what is 4 - 1103121?
-1103112
In base 11, what is -1a9893 + -177?
-1a9a5a
In base 3, what is 2122200102 + -211011100?
1211112002
In base 6, what is 133222351 - 1?
133222350
In base 10, what is 6 - -3420477?
3420483
In base 3, what is 20201012021021101 + 12?
20201012021021120
In base 13, what is -51 - 9175cb?
-91764c
In base 14, what is 180192 - b2?
1800c0
In base 13, what is 2 + -7825c3?
-7825c1
In base 10, what is -61056 + -5431?
-66487
In base 5, what is 1141 - -3133044?
3134240
In base 8, what is -126674625 - 3?
-126674630
In base 15, what is 17a + c0c5?
c250
In base 10, what is -4150 + -198?
-4348
In base 10, what is 10938 - -2593?
13531
In base 6, what is -1 + -100234503?
-100234504
In base 10, what is -7504 - 4744?
-12248
In base 16, what is -a9f32 + 5?
-a9f2d
In base 13, what is b - a68303?
-a682c5
In base 10, what is -34334 - -89?
-34245
In base 16, what is 104 + -bc55?
-bb51
In base 6, what is -110533244 + 14?
-110533230
In base 11, what is 7 + 6239072?
6239079
In base 8, what is 5 + 5233361?
5233366
In base 2, what is 100010000101010010010 - 10?
100010000101010010000
In base 11, what is 3 - -48770a18?
48770a20
In base 10, what is -77 - 2734?
-2811
In base 9, what is -4 - 25437681?
-25437685
In base 14, what is 3 - bcd32?
-bcd2d
In base 13, what is -3a30182 + a?
-3a30175
In base 5, what is 2 + -134412400232?
-134412400230
In base 10, what is -920 + 6424?
5504
In base 12, what is 1007181 + 9?
100718a
In base 2, what is -1010100 + -11001000101011110?
-11001000110110010
In base 15, what is -16 - -82ba85?
82ba6e
In base 6, what is 2214 - 13251210?
-13244552
In base 10, what is -694 - 44926?
-45620
In base 14, what is -4 - 47a601?
-47a605
In base 8, what is 0 - -64113301?
64113301
In base 3, what is 1221212221 - 101210?
1221111011
In base 3, what is -11112100 + -1211?
-11121011
In base 13, what is -3 - -7c84b66?
7c84b63
In base 8, what is 5505 + -51135?
-43430
In base 16, what is -10b + -f67af?
-f68ba
In base 6, what is 3242043 - -3253?
3245340
In base 10, what is 32446 - -42?
32488
In base 15, what is -4 - -1811a0?
18119b
In base 5, what is -134020322022 - 14?
-134020322041
In base 9, what is -10403767 + -6?
-10403774
In base 13, what is -c4 - -20845?
20751
In base 12, what is 2843 - 1a51?
9b2
In base 10, what is 2840 - -782?
3622
In base 5, what is -3 - -24031432214?
24031432211
In base 2, what is -100110010 + -100000110000011?
-100001010110101
In base 8, what is 26 - 240174?
-240146
In base 4, what i